when 191 is divided by 45?
11
Calculate the remainder when 390 is divided by 98.
96
What is the remainder when 1986 is divided by 118?
98
What is the remainder when 102 is divided by 5?
2
Calculate the remainder when 994 is divided by 146.
118
Calculate the remainder when 508 is divided by 248.
12
What is the remainder when 1018 is divided by 51?
49
Calculate the remainder when 421 is divided by 206.
9
Calculate the remainder when 59 is divided by 8.
3
Calculate the remainder when 19888 is divided by 102.
100
What is the remainder when 457 is divided by 94?
81
Calculate the remainder when 94 is divided by 7.
3
What is the remainder when 85 is divided by 44?
41
Calculate the remainder when 237 is divided by 43.
22
Calculate the remainder when 146 is divided by 43.
17
What is the remainder when 189 is divided by 65?
59
What is the remainder when 33 is divided by 14?
5
What is the remainder when 527 is divided by 270?
257
Calculate the remainder when 95 is divided by 33.
29
Calculate the remainder when 556 is divided by 178.
22
Calculate the remainder when 514 is divided by 127.
6
What is the remainder when 22841 is divided by 17?
10
What is the remainder when 222 is divided by 7?
5
Calculate the remainder when 1116 is divided by 278.
4
Calculate the remainder when 37 is divided by 17.
3
What is the remainder when 242 is divided by 127?
115
Calculate the remainder when 318 is divided by 79.
2
What is the remainder when 2342 is divided by 34?
30
What is the remainder when 1521 is divided by 409?
294
Calculate the remainder when 26 is divided by 7.
5
Calculate the remainder when 11249 is divided by 11.
7
Calculate the remainder when 3707 is divided by 30.
17
What is the remainder when 408 is divided by 246?
162
What is the remainder when 643 is divided by 617?
26
What is the remainder when 496 is divided by 80?
16
Calculate the remainder when 41 is divided by 15.
11
What is the remainder when 133 is divided by 56?
21
What is the remainder when 176 is divided by 30?
26
Calculate the remainder when 630 is divided by 22.
14
Calculate the remainder when 483 is divided by 18.
15
Calculate the remainder when 383 is divided by 38.
3
Calculate the remainder when 1679 is divided by 11.
7
What is the remainder when 2120 is divided by 177?
173
What is the remainder when 406 is divided by 102?
100
Calculate the remainder when 10526 is divided by 94.
92
Calculate the remainder when 101 is divided by 4.
1
Calculate the remainder when 696 is divided by 147.
108
What is the remainder when 584 is divided by 180?
44
What is the remainder when 261 is divided by 3?
0
Calculate the remainder when 2667 is divided by 92.
91
What is the remainder when 6045 is divided by 42?
39
Calculate the remainder when 133 is divided by 27.
25
Calculate the remainder when 204 is divided by 42.
36
Calculate the remainder when 165 is divided by 38.
13
What is the remainder when 222 is divided by 57?
51
What is the remainder when 139 is divided by 35?
34
What is the remainder when 973 is divided by 140?
133
Calculate the remainder when 162 is divided by 83.
79
Calculate the remainder when 210 is divided by 44.
34
Calculate the remainder when 1543 is divided by 21.
10
What is the remainder when 149 is divided by 10?
9
What is the remainder when 219 is divided by 17?
15
What is the remainder when 1223 is divided by 46?
27
What is the remainder when 549 is divided by 29?
27
Calculate the remainder when 166 is divided by 30.
16
What is the remainder when 157 is divided by 10?
7
What is the remainder when 8745 is divided by 81?
78
What is the remainder when 279 is divided by 88?
15
What is the remainder when 563 is divided by 142?
137
Calculate the remainder when 622 is divided by 30.
22
What is the remainder when 2636 is divided by 22?
18
What is the remainder when 131 is divided by 17?
12
What is the remainder when 1551 is divided by 15?
6
What is the remainder when 325 is divided by 56?
45
Calculate the remainder when 106 is divided by 56.
50
What is the remainder when 191 is divided by 70?
51
What is the remainder when 17 is divided by 7?
3
Calculate the remainder when 2519 is divided by 8.
7
Calculate the remainder when 299 is divided by 12.
11
Calculate the remainder when 6116 is divided by 46.
44
What is the remainder when 546 is divided by 55?
51
Calculate the remainder when 346 is divided by 81.
22
Calculate the remainder when 2653 is divided by 111.
100
What is the remainder when 266 is divided by 67?
65
What is the remainder when 692 is divided by 439?
253
What is the remainder when 142 is divided by 42?
16
What is the remainder when 65 is divided by 33?
32
Calculate the remainder when 203 is divided by 17.
16
Calculate the remainder when 196 is divided by 9.
7
What is the remainder when 1449 is divided by 22?
19
What is the remainder when 129 is divided by 18?
3
Calculate the remainder when 746 is divided by 126.
116
Calculate the remainder when 118 is divided by 21.
13
Calculate the remainder when 5 is divided by 4.
1
Calculate the remainder when 2265 is divided by 18.
15
Calculate the remainder when 1023 is divided by 3.
0
What is the remainder when 590 is divided by 40?
30
What is the remainder when 538 is divided by 135?
133
Calculate the remainder when 483 is divided by 155.
18
Calculate the remainder when 136 is divided by 47.
42
What is the remainder when 907 is divided by 65?
62
Calculate the remainder when 256 is divided by 29.
24
What is the remainder when 729 is divided by 205?
114
What is the remainder when 756 is divided by 130?
106
What is the remainder when 67 is divided by 18?
13
What is the remainder when 540 is divided by 284?
256
What is the remainder when 248 is divided by 122?
4
What is the remainder when 251 is divided by 12?
11
Calculate the remainder when 361 is divided by 13.
10
Calculate the remainder when 199 is divided by 34.
29
What is the remainder when 362 is divided by 62?
52
What is the remainder when 40 is divided by 33?
7
What is the remainder when 42 is divided by 8?
2
Calculate the remainder when 154 is divided by 33.
22
Calculate the remainder when 51 is divided by 31.
20
Calculate the remainder when 448 is divided by 133.
49
Calculate the remainder when 156 is divided by 80.
76
Calculate the remainder when 2058 is divided by 344.
338
What is the remainder when 915 is divided by 51?
48
What is the remainder when 125 is divided by 50?
25
Calculate the remainder when 115 is divided by 115.
0
Calculate the remainder when 4048 is divided by 50.
48
What is the remainder when 432 is divided by 144?
0
Calculate the remainder when 11199 is divided by 190.
179
What is the remainder when 10756 is divided by 53?
50
Calculate the remainder when 159 is divided by 70.
19
What is the remainder when 1129 is divided by 14?
9
What is the remainder when 4352 is divided by 33?
29
What is the remainder when 161 is divided by 22?
7
Calculate the remainder when 127 is divided by 38.
13
Calculate the remainder when 254 is divided by 76.
26
What is the remainder when 2542 is divided by 317?
6
Calculate the remainder when 161 is divided by 13.
5
Calculate the remainder when 12941 is divided by 156.
149
What is the remainder when 2565 is divided by 61?
3
What is the remainder when 1261 is divided by 414?
19
What is the remainder when 22099 is divided by 260?
259
Calculate the remainder when 278 is divided by 56.
54
Calculate the remainder when 186 is divided by 36.
6
What is the remainder when 725 is divided by 104?
101
Calculate the remainder when 1347 is divided by 10.
7
Calculate the remainder when 256 is divided by 16.
0
Calculate the remainder when 173 is divided by 18.
11
What is the remainder when 1689 is divided by 14?
9
What is the remainder when 118 is divided by 6?
4
What is the remainder when 625 is divided by 56?
9
Calculate the remainder when 215 is divided by 56.
47
Calculate the remainder when 5270 is divided by 21.
20
Calculate the remainder when 697 is divided by 130.
47
What is the remainder when 600 is divided by 294?
12
What is the remainder when 191 is divided by 59?
14
Calculate the remainder when 32 is divided by 24.
8
What is the remainder when 48036 is divided by 121?
120
Calculate the remainder when 16 is divided by 6.
4
What is the remain